3 - (-8 + 2)). Let l = u + 1. Let h(o) = 6*o**2. Let i be h(l). Determine m(i).
5
Let p(g) = 49*g**2 - 1 - 28*g**2 - 29*g**2 - 2*g. Suppose -8 = 4*r - 4*f - 0*f, 3*r = -3*f + 24. Suppose 5*c = r*c - 2. What is p(c)?
-7
Let z(o) = 9*o**2 - 2*o + 1. Let f(i) = -i**3 + 8*i**2 - 7*i + 1. Let n be f(7). Give z(n).
8
Let l(h) = -h**2 + 0*h - 19 - h + 15. What is l(0)?
-4
Suppose u - 2 + 0 = 0. Suppose u - 5 = v. Let w be v/(-1 + (-1)/(-4)). Let h(l) = -l + 2. Calculate h(w).
-2
Let j = -5 + 7. Let k(w) = 3*w**2 + 3*w - 2*w**j - 5*w**2 + w**3 - 5. Give k(4).
7
Let v(s) = -s**2 + 5*s + 4. Suppose 0 = k - 2*w - 2, -w - w - 2 = 0. Suppose k = 4*o - o - 30. Let f be (o/(-8))/(6/(-24)). Calculate v(f).
4
Let t be (-4)/24 - 6/(-9). Let m(d) be the first derivative of t*d**2 - 2 + 2*d. Give m(-4).
-2
Let v(q) = -q**2 + 13*q - 13. Let k(w) = -w + 1. Let s(o) = -5*k(o) - v(o). Give s(6).
-4
Let p(l) be the third derivative of -l**6/120 - l**5/10 - 5*l**4/24 + 5*l**3/6 + 9*l**2. Let a(c) = -5*c. Let j be a(1). What is p(j)?
5
Let n(m) = 4*m**2 + 31*m - 14. Let l(s) = s**2 + 10*s - 5. Let j(p) = -7*l(p) + 2*n(p). Let z be j(7). Let u(b) = 1 - 2*b + 0*b**2 + b**2 - 5 + 3*b. Give u(z).
-4
Let v(w) = -w**2 + 4*w - 3. Let r be 2/((-4)/(-6)) - 1. Let g(o) = o - 3. Let h be g(-3). Let d be (-15)/h*(r - 0). Give v(d).
-8
Let b(k) = -5*k - 5 + 0*k + 3. Let z be (-44)/(-154) - (-23)/(-7)*1. Give b(z).
13
Suppose -7*z + 10 = -11. Let f(k) be the second derivative of 2*k**2 + 0 - 1/6*k**z - 2*k. What is f(3)?
1
Let b(q) be the second derivative of -q**5/20 + 9*q**2/2 + 29*q. What is b(0)?
9
Let s(w) = w. Let u(x) = -x - 4. Let n(t) = 6*s(t) + u(t). Determine n(5).
21
Let x be ((-28)/(-6) - 4)/(4/18). Let g(m) be the second derivative of 0 - m + 0*m**2 + 1/6*m**x. Determine g(-3).
-3
Let g(m) = -m + 3. Let f be g(0). Suppose -i = -3*q + 2, 0 = 4*q - f*i + 2 + 2. Let c(a) = a**3 + a - 1 - 1 + 0. What is c(q)?
8
Let o(z) = z**3 - 11*z**2 + 9*z + 9. Let f be o(10). Let p(m) = -8*m**2 + 1 - 6*m**2 + 5*m**2. What is p(f)?
-8
Suppose 2*c + 2 = 6. Let i be (-1 + 2/c)*-1. Let n(s) = i*s + 3 - 6*s + 3*s. What is n(3)?
-6
Let s(h) = h**3 + 2*h**2 - 5*h + 3. Let f be (-4)/(-14) - 220/35. Let p be (1*6)/(f/4). Calculate s(p).
-9
Let c be (2 - -2) + 2/(-1). Let w(j) = -4*j - 6 - j - 2*j + j**c + j. What is w(7)?
1
Let r(p) = -5*p + 1. Let t(o) = 2*o + 4 - 9 + 4. Let m(b) = 4*r(b) + 7*t(b). Calculate m(-2).
9
Let t = -9 + 14. Suppose 13 = -t*f - 17. Let b(j) = j + 4. Determine b(f).
-2
Let l(m) = 2*m**2 - m. Let t(y) = -3*y - 5 + 2 - y. Let v be t(-2). Let u(o) = o - 4. Let w be u(v). Give l(w).
1
Let v be (4 + -5)/((-1)/2). Let m be v/(-1)*6/(-4). Let c(o) = -o + 3. Determine c(m).
0
Let y(g) = -2*g + 1. Let m(b) = -b**2 - 3*b + 1. Suppose -2*d = -3*v - 4 - 0, 3*d = -3*v - 24. Let z be m(v). Determine y(z).
7
Let g(s) be the second derivative of 0 - 1/6*s**3 + 3*s + 0*s**2 + 1/4*s**5 + 0*s**4. Give g(1).
4
Let n(t) = -2 - t + 0*t + 1 + 0. Give n(-2).
1
Let v(r) = 2*r - 3. Suppose 73*s - 72*s = 6. Determine v(s).
9
Suppose 4*t = -8, -4*h + 5*t = -0*t - 30. Let d(k) be the second derivative of -h*k**2 + 0 + k - 1/6*k**3. Determine d(-6).
-4
Let i(m) be the second derivative of -m**5/20 + 5*m**4/12 + 4*m**3/3 - 9*m**2/2 - 46*m. Let l = -3 - -7. Let k = l + 2. What is i(k)?
3
Let v(l) = l**3 + l**2 - l + 1. Let f be v(1). Let t(y) = -y**2 + f*y + 4 + 2*y + 3*y - 5*y. Calculate t(3).
1
Let u(h) = -4*h - 3. Let x(k) = -k**3 - 7*k - 5. Let a(v) = -5*u(v) + 3*x(v). Determine a(-1).
4
Let a(m) = m - 4. Suppose 2*w = -p - 8, 5*w + 15 = 2*w - 3*p. What is a(w)?
-7
Let c(o) = -2*o - 1. Let z(a) = a**2 + a - 6. Let x be z(0). Let s = 4 + x. Calculate c(s).
3
Let u(g) be the first derivative of 1/120*g**6 + g**3 + 1/12*g**5 + 2*g**2 + 0*g - 1/6*g**4 + 3. Let a(x) be the second derivative of u(x). What is a(-6)?
-6
Let d(t) = 2 - 5*t - 4 - t**3 - 5*t**2 + 0*t. Let b(v) = 2*v + 8. Let a(i) = -3*i - 12. Let w(l) = 5*a(l) + 7*b(l). Let h be w(0). What is d(h)?
2
Suppose -2*k + 10 = 2*l, 0 = 3*k + 4*l + l - 5. Let a be (-26)/22 - k/(-55). Let x(b) = 5*b**3 + 1. Let t be x(a). Let g(z) = 2*z + 4. What is g(t)?
-4
Let r(q) be the first derivative of -1/2*q**2 + 2 + 2*q. Let t(c) = 2*c**2 - 9*c + 1. Let u be t(5). Determine r(u).
-4
Let s(g) = g**3 + 0*g**3 + 5*g**2 + 35 - g - 41. What is s(-5)?
-1
Let l be (-16)/(-10) - (-2)/5. Let x(j) = j**2 + 4*j**l + j**2 + 1. Give x(-1).
7
Let w(b) = -b + 11. Let c = 27 + -19. Let f be w(c). Let y(s) = 3 + s - f. Give y(3).
3
Let c(v) = 7*v - 2*v + 2*v. Calculate c(-1).
-7
Let j = 1 - -2. Suppose -j*y + 4 = -2. Let q(i) = -i**3 + 4*i**2 - i - 1. Calculate q(y).
5
Let r(n) = -2*n - 5. Let b(t) = -t. Let v be b(0). Suppose 8 = -2*d + 2*k, v = -3*d + k + k - 14. Calculate r(d).
7
Let b(v) be the first derivative of -5/6*v**3 + 0*v - 1 - 1/60*v**5 + 1/24*v**4 - 1/2*v**2. Let s(i) be the second derivative of b(i). Determine s(0).
-5
Let z = -296/3 - -99. Let t(x) be the third derivative of z*x**3 + 0 + 1/20*x**5 + 0*x - 1/120*x**6 + 2*x**2 + 1/8*x**4. Calculate t(4).
-2
Let k(v) be the first derivative of -v**2/2 + 2*v + 7. What is k(4)?
-2
Suppose -15 = -2*r + 25. Let o be (1/(-2))/(2/r). Let i(j) = j**2 + 3*j - 5. Let x(m) = m**2 + 3*m - 5. Let t(n) = 3*i(n) - 2*x(n). Determine t(o).
5
Let k(i) = i**2 + 5*i - 8. Suppose 6*a = 59 - 95. What is k(a)?
-2
Let y(n) = -n - 1. Suppose -x + 0 - 3 = 0. Give y(x).
2
Let s(d) be the third derivative of 5*d**4/24 + d**3/2 - 2*d**2. Let y = -2 + 0. Determine s(y).
-7
Let x(l) = -5*l**3 + l**2 - l - 1. Let y(g) = 11*g**3 - 2*g**2 + 2*g + 2. Let q(n) = 13*x(n) + 6*y(n). Calculate q(2).
9
Let d(b) = b**2 + 9*b - 4. Let g be d(-10). Let w(c) = g - 3 - c - 5*c + c**2 - 2*c**2. Determine w(-5).
8
Let n(a) = a**3 + 6*a**2 - 4*a + 6. Suppose 3*x + 5*i + 9 = i, -i + 24 = -3*x. Calculate n(x).
-15
Let w(k) be the third derivative of k**7/840 + k**6/120 - k**5/120 + k**4/6 - k**3/6 - 4*k**2. Let i(r) be the first derivative of w(r). Calculate i(-4).
-8
Let x be ((-1)/(-2))/((-2)/(-4)). Let k(q) = x - 1 + 5*q - 6*q + 4. Give k(4).
0
Let z(f) = f**2 - 4*f - 1. Let u be 2 + 9/(-2 + 5). Determine z(u).
4
Let y = -38 + 42. Let i(x) = -2*x**2 + 5*x - 6. Determine i(y).
-18
Let i(u) = -u**3 - u**2 - u + 2. Let l be i(0). Suppose -5*v + 4*v + l = 0. Let t(w) = w + 1. What is t(v)?
3
Suppose 4*d - 4*u = 0, 0*u = -u. Let i be ((-9)/(-63))/(2/14) + -1. Suppose i = -3*r - 9 - d. Let p(b) = b**2 - b - 3. Give p(r).
9
Let j(c) = -6*c**3 + 9*c**2 + 12*c - 4. Let k(t) = -5*t**3 + 8*t**2 + 11*t - 3. Let m(b) = 4*j(b) - 5*k(b). Give m(5).
-11
Suppose 67 - 23 = 11*o. Let u(i) = i**2 + 3*i. What is u(o)?
28
Let n(d) = d**2 + d. Let u(t) = -t**3 + t**2 - 6. Let w(o) = -2*o**3 + 2*o**2 - 13. Let q(s) = 7*u(s) - 3*w(s). Let v(x) = 5*n(x) - q(x). Give v(-3).
-3
Let r = 16 - 15. Let k(z) = -2 + 1 - 2*z**3 + 5*z - 13*z + 9*z. Give k(r).
-2
Let n = -3 - -5. Let l(o) be the second derivative of o**5/20 - o**4/4 + o**3/3 - 13*o - 2. What is l(n)?
0
Let c(u) = 2*u**2 - 6*u - 7. Let p(q) = q**2 - 6*q - 6. Suppose -z = 6 - 3. Let i(s) = z*p(s) + 2*c(s). What is i(-5)?
-1
Let m(u) be the first derivative of 5*u**3/3 - 5*u**2/2 + u + 3. Let s(z) = z**2. Let w(p) = -m(p) + 6*s(p). Give w(-5).
-1
Let g(s) be the second derivative of s**3/6 - s**2/2 + 4*s. Let u(x) = -x + 1. Let f(n) = g(n) + 2*u(n). What is f(7)?
-6
Let b(r) = r**3 - 3*r**2 + 5*r - 4. Let j(q) = q**2 - 4*q - 7. Let l be j(6). Let f(o) = -o + 8. Let y be f(l). Give b(y).
11
Let p(n) = -2*n + 34. Let z be p(16). Let m(d) = d**3 - d**2 - d + 1. What is m(z)?
3
Let a(u) = -2*u + 0*u - 3 + 2. Suppose -4 = -4*p + 8. Suppose 2*z = 5*o - p, -4*z + 0*z = 4*o - 8. Give a(z).
-3
Let w = 167 + -65. Let q be 1/3 + w/18. Let h(b) = b - 5 + 0*b + q. Calculate h(3).
4
Let c(y) be the third derivative of y**4/12 + y**3/2 + 2*y**2. Let s = 1 + -5. Let n = s - -2. What is c(n)?
-1
Let n(a) = 4*a + 2. Let g(q) = -q + 1. Let i(o) = 5*g(o) + n(o). Suppose -k = -2*y - y + 5, -y + 15 = -3*k. What is i(y)?
7
Let q(u) = 3*u - 14. Let d(n) be the first derivative of -n**2/2 + 5*n - 1. Let z(f) = -17*d(f) - 6*q(f). Calculate z(-3).
2
Let f(c) = 4*c - 6. Suppose -m - 9 + 15 = 0. Give f(m).
18
Let b(y) be the third derivative of -y**8/67